k) = -35827*k + 788174. Calculate b(22).
-20
Let a(s) = -22481*s - 67484. Give a(-3).
-41
Let q(h) = 20*h**3 - 72*h**2 + 108*h - 546. Calculate q(4).
14
Let x(w) = 8*w**2 - 106*w + 78. What is x(7)?
-272
Let f(j) = -57*j - 4560. Give f(-81).
57
Let n(c) = 3703263*c + 37032638. What is n(-10)?
8
Let g(q) = -64*q + 15036. What is g(188)?
3004
Let f(b) = b**3 + 8*b**2 + 48*b - 416. Calculate f(8).
992
Let k(h) = 1742*h - 132081. Give k(76).
311
Let o(m) = m**3 - 20*m**2 + 10*m + 89. What is o(20)?
289
Let r(b) = 78*b**3 + 557*b**2 - 25*b - 5. Calculate r(-7).
709
Let s(f) = 12949*f + 2304906. Give s(-178).
-16
Let d(n) = 17053*n - 153485. Calculate d(9).
-8
Let v(n) = 2*n**2 + 403*n - 28823. Give v(56).
17
Let u(y) = 27*y**2 - 372*y + 21. Calculate u(14).
105
Let x(g) = 2*g**3 - 298*g**2 + 393*g - 14415. What is x(148)?
-59
Let m(x) = 1550*x - 257196. What is m(166)?
104
Let y(t) = 5454*t**2 - 21813*t - 18. Give y(4).
-6
Let j(h) = h**2 + 22*h - 1629. Calculate j(-53).
14
Let p(m) = 2*m**2 - 20034*m - 441660. What is p(-22)?
56
Let k(b) = -2*b**3 + 138*b**2 + 211*b - 4255. What is k(70)?
715
Let m(z) = 5*z**2 - 1778*z - 747. What is m(356)?
-35
Let m(j) = -163*j**2 - 18*j - 5. Determine m(2).
-693
Let a(y) = -y**3 - 24*y**2 - 84*y + 324. Calculate a(-17).
-271
Let u(w) = w**2 - 1609*w - 26022. Calculate u(-16).
-22
Let v(z) = -14*z**2 - 304*z - 1862. What is v(-6)?
-542
Let k(g) = -g**2 - 92*g + 2666. What is k(30)?
-994
Let q(i) = 8*i**2 + 762*i - 765. What is q(1)?
5
Let j(q) = q**3 - 24*q**2 - 791*q + 18724. Determine j(23).
2
Let g(h) = -14*h**2 + 539*h - 2540. Give g(33).
1
Let q(d) = d**3 + 108*d**2 - 3814*d + 209. Give q(28).
41
Let g(l) = -3*l**3 + 24*l**2 + 105*l - 367. Determine g(-7).
1103
Let k(q) = -3*q**2 - 162*q + 3405. Give k(16).
45
Let r(l) = l**3 - 32*l**2 + 187*l + 37. Calculate r(5).
297
Let q(c) = -85*c**2 - 2383*c - 11222. Give q(-6).
16
Let a(h) = -2*h**3 + 15*h**2 - 3*h + 37. What is a(10)?
-493
Let i(j) = -88*j**2 + 1837*j - 43. What is i(21)?
-274
Let l(n) = -4*n**3 - 623*n**2 + 160*n - 31. What is l(-156)?
-655
Let f(y) = y**3 - 351*y**2 + 10789*y - 3488. Give f(317).
-1
Let t(h) = -2*h**3 + 75*h**2 + 185*h + 570. Determine t(40).
-30
Let c(w) = -25201*w - 126591. Calculate c(-5).
-586
Let l(b) = -2*b**2 - 276*b - 9486. Calculate l(-73).
4
Let t(h) = -216*h**2 - 11970*h + 7068. Give t(-56).
12
Let a(n) = 28218*n + 169277. Determine a(-6).
-31
Let u(f) = -f**2 + 26*f + 3740. What is u(60)?
1700
Let y(g) = 538*g**2 + 31205*g + 65. Give y(-58).
7
Let m(q) = -1067*q**2 - 2117*q - 6. Calculate m(-2).
-40
Let d(v) = 451*v - 4503. Calculate d(10).
7
Let q(j) = 5*j**2 - 50*j + 172. What is q(7)?
67
Let m(q) = -33*q**2 - 25*q - 16. Determine m(3).
-388
Let x(v) = -36211*v + 289700. Give x(8).
12
Let t(h) = 23*h**2 - 283*h - 6434. Determine t(24).
22
Let f(k) = 2*k**3 + 39*k**2 - 20*k - 5. What is f(0)?
-5
Let s(y) = -220*y + 18988. Determine s(85).
288
Let r(j) = -j**2 + 115*j + 1741. Give r(-14).
-65
Let x(f) = 5*f**3 + 22*f**2 + 96*f + 255. What is x(-3)?
30
Let g(y) = -94*y**2 - 679*y + 131. Determine g(-7).
278
Let k(m) = -m**3 + 112*m**2 - 2339*m + 25988. Give k(89).
0
Let k(l) = l**3 + 26*l**2 - 168*l - 3462. Calculate k(-27).
345
Let x(g) = g**3 - g**2 - 106*g - 92. Determine x(-9).
52
Let q(l) = -l**3 + 18*l**2 - 45*l + 2728. Determine q(24).
-1808
Let j(h) = 8809*h - 56110. Determine j(7).
5553
Let j(y) = -2219*y**2 - 22199*y - 13. What is j(-10)?
77
Let w(s) = -s**3 + 189*s**2 - 7453*s + 81. What is w(56)?
-199
Let x(p) = 6600*p + 3992973. What is x(-605)?
-27
Let f(a) = -134*a**2 - 90*a - 47. What is f(-3)?
-983
Let o(f) = -f**3 + 6*f**2 - 1988*f + 31841. What is o(15)?
-4
Let x(p) = 752891*p - 4517345. Give x(6).
1
Let h(p) = 4*p**2 + 24651*p - 222122. Give h(9).
61
Let s(q) = q**2 - 140*q + 4199. Determine s(97).
28
Let u(i) = -29061*i - 1714549. Determine u(-59).
50
Let h(b) = -106*b**3 + 5311*b**2 - 547*b - 154. Calculate h(50).
-4
Let f(s) = 463*s**2 + 2769*s - 54. Determine f(-6).
0
Let l(v) = -2140*v + 209711. Give l(98).
-9
Let j(q) = -3*q**3 - 1198*q**2 + 2030*q + 10022. What is j(-401)?
-3
Let m(r) = -14*r**2 + 19705*r - 137868. Give m(7).
-619
Let l(f) = -2*f + 659. Determine l(-10).
679
Let z(p) = 612*p - 11124. What is z(16)?
-1332
Let j(x) = 37*x + 2560. Calculate j(1).
2597
Let f(i) = -i**3 - 1629*i**2 - 5057*i - 291070. Give f(-1626).
-16
Let r(h) = -7*h**2 - 9132*h + 36517. What is r(4)?
-123
Let z(c) = c**3 - 34*c**2 - 11*c - 812. Determine z(35).
28
Let q(m) = -m**2 + 61*m - 408. Give q(44).
340
Let r(c) = 1020*c + 46854. What is r(-46)?
-66
Let l(t) = -1945*t + 396779. What is l(204)?
-1
Let x(g) = 3*g**2 - 29993*g - 120007. What is x(-4)?
13
Let s(h) = h**2 - 292*h + 6091. What is s(22)?
151
Let g(j) = -417*j + 514. Calculate g(2).
-320
Let x(l) = l**3 - 1221*l**2 + 8063*l - 8348458. Give x(1220).
2
Let t(z) = -210*z - 723. Give t(-21).
3687
Let a(l) = -l**3 + 14*l**2 - 1456*l + 4276. Give a(3).
7
Let l(y) = -1430*y + 66228. Calculate l(46).
448
Let c(y) = 860*y + 192931. What is c(-225)?
-569
Let d(b) = b**3 - 11*b**2 + 155*b - 912. What is d(8)?
136
Let s(l) = -3*l**2 + 758*l - 15643. Give s(230).
-3
Let p(v) = -6*v**2 + 287*v - 2271. What is p(10)?
-1
Let d(p) = 4394*p + 949174. Give d(-216).
70
Let a(z) = -2261*z - 97223. Determine a(-43).
0
Let c(o) = -245*o - 27223. What is c(-115)?
952
Let w(p) = -6*p**2 - 1951*p + 21887. Give w(-336).
47
Let f(d) = 2*d**3 + 55*d**2 + 20*d - 426. What is f(-27)?
-237
Let i(k) = 6*k**3 - 20221*k**2 - 40447*k + 1. What is i(-2)?
-37
Let v(a) = -5*a**3 - 22*a**2 + 5*a + 27. Calculate v(-4).
-25
Let n(w) = -6451*w - 57907. Determine n(-9).
152
Let d(q) = 2578*q - 4816. Calculate d(2).
340
Let t(z) = -149*z**3 - 18*z**2 - 5*z + 13. What is t(-1)?
149
Let y(p) = -173*p - 7242. Give y(-42).
24
Let x(y) = -118*y**2 + 2453*y + 545. Calculate x(21).
20
Let p(w) = -167321*w - 3179112. Calculate p(-19).
-13
Let m(s) = 41626*s - 124912. Calculate m(3).
-34
Let b(j) = -9*j**2 - 30*j + 79. What is b(6)?
-425
Let m(j) = -j**3 + 47*j**2 + 36*j + 4426. Give m(0).
4426
Let b(v) = 66700*v + 199176. Calculate b(-3).
-924
Let w(j) = 1022*j - 133962. Calculate w(131).
-80
Let u(i) = -12*i + 349. Determine u(37).
-95
Let r(s) = -s**2 - 996*s - 44439. Give r(-47).
164
Let a(q) = 1835*q + 44048. Give a(-24).
8
Let j(x) = -198*x**2 - 1626*x - 279. Determine j(-8).
57
Let d(s) = -s**3 - 15*s**2 + 994*s + 15654. Calculate d(-16).
6
Let u(g) = -2*g**2 - 32675*g + 65351. Calculate u(2).
-7
Let t(q) = -519*q - 14489. What is t(-28)?
43
Let d(o) = 16907*o - 253607. Give d(15).
-2
Let w(q) = -771*q - 34749. What is w(-45)?
-54
Let n(t) = -11818*t - 11704. Calculate n(-1).
114
Let b(v) = -4302*v - 77313. Determine b(-18).
123
Let d(r) = r**3 - 8*r**2 + 703*r - 4869. What is d(7)?
3
Let l(i) = -178*i**3 - i**2 - 165*i + 332. Give l(2).
-1426
Let a(m) = -m**3 + 7000*m**2 + 133369*m + 156. What is a(-19)?
4
Let d(y) = 7*y**2 - 764*y - 3086. What is d(-4)?
82
Let w(k) = -32*k**2 - 2490*k - 11635. Give w(-5).
15
Let o(x) = x**3 - 211*x**2 + 4215*x - 32. What is o(22)?
1222
Let x(t) = -67404*t + 606627. What is x(9)?
-9
Let s(k) = 3*k**2 + 47012*k - 611657. Give s(13).
6
Let w(f) = 480*f**2 + 27836*f - 32. Calculate w(-58).
200
Let o(i) = -i**2 - 3325*i + 2003777. Determine o(521).
11
Let j(f) = -3026*f + 865395. Calculate j(286).
-41
Let g(w) = w**2 + 89*w + 1929. Determine g(-49).
-31
Let q(x) = 331951*x + 16597567. Determine q(-50).
17
Let s(y) = 2*y**2 - 2603*y + 141852. What is s(57)?
-21
Let x(v) = -2925*v + 16068. Calculate x(6).
-1482
Let h(g) = -2*g**2 - 225*g - 3340. What is h(-99)?
-667
Let l(q) = 31*q**3 - 348*q**2 - 727*q + 85. Calculate l(13).
-71
Let a(l) = l**3 - 440*l**2 - 47085*l + 2021. Determine a(529).
-95
Let g(l) = -136*l + 3030. Calculate g(25).
-370
Let c(o) = -2*o**3 + 123*o**2 + 3258*o - 47. Determine c(-20).
-7
Let h(x) = -8*x**2 + 152*x - 444. Calculate h(3).
-60
Let s(o) = 1927*o - 526070. What is s(273)?
1
Let d(c) = -c**3 + 81*c**2 - 1692*c + 25923. Give d(60).
3
Let f(d) = 126*d + 13287. Determine f(-130).
-3093
Let f(l) = -14*l**2 + 2422*l - 46502. Calculate f(22).
6
Let t(k) = -k**2 + 219*k - 5270. What is t(48)?
2938
Let v(t) = -26*t**2 + 349*t - 3. What i